 5?
31520
In base 4, what is 22110 + 10?
22120
In base 16, what is -c + -104?
-110
In base 6, what is -1324 + 12?
-1312
In base 15, what is 3 - 55?
-52
In base 10, what is -1021 + -1?
-1022
In base 4, what is -2 + 313121?
313113
In base 5, what is -4 + -133?
-142
In base 15, what is -a7b + -5?
-a81
In base 5, what is 3210 - -20?
3230
In base 12, what is -6 - 253?
-259
In base 15, what is -3d - -4?
-39
In base 4, what is -12 + -1113?
-1131
In base 7, what is 156 + 32?
221
In base 14, what is -28d + 4?
-289
In base 5, what is -12 + -14304?
-14321
In base 7, what is -13 - -4?
-6
In base 13, what is -2 - cc?
-101
In base 3, what is -1011001 - -1?
-1011000
In base 11, what is -5 - -41?
37
In base 5, what is -102 - 2011?
-2113
In base 10, what is 2 + -19?
-17
In base 8, what is -31 - -26?
-3
In base 7, what is 10 + -1452?
-1442
In base 4, what is -231101 - -21?
-231020
In base 7, what is -212 + 4?
-205
In base 4, what is 120 - -3?
123
In base 9, what is -21 + -7?
-28
In base 13, what is 2 + 7b?
80
In base 16, what is 5 + 29?
2e
In base 8, what is 1 - -537?
540
In base 11, what is -22 + -4?
-26
In base 14, what is -51 - 15?
-66
In base 13, what is -1186 + -4?
-118a
In base 9, what is 4 + 42?
46
In base 2, what is 101 + -1111000101111?
-1111000101010
In base 3, what is -21 + -20001?
-20022
In base 3, what is -110 - 102?
-212
In base 9, what is 2 - -177?
180
In base 4, what is -231 - 33?
-330
In base 7, what is -366 - -4?
-362
In base 11, what is 1 + -354?
-353
In base 7, what is -16 + 4635?
4616
In base 7, what is -21 - 1466?
-1520
In base 7, what is 2 + 10142?
10144
In base 16, what is 401 - -3?
404
In base 12, what is -9 + -1?
-a
In base 15, what is -5 + -37?
-3c
In base 6, what is -15 - -24?
5
In base 5, what is -14 - 12?
-31
In base 10, what is 15 - 135?
-120
In base 4, what is -1031 + 132?
-233
In base 5, what is 402331 - 0?
402331
In base 2, what is 11 - 1010100101101?
-1010100101010
In base 5, what is 332410 + 10?
332420
In base 15, what is 22 + 4?
26
In base 10, what is 6 + -89?
-83
In base 7, what is 1 + -616?
-615
In base 12, what is 3 + 467?
46a
In base 15, what is -a - -4?
-6
In base 8, what is -226 - -4?
-222
In base 15, what is 6 + d06?
d0c
In base 8, what is 452 - 0?
452
In base 8, what is 15 - 263?
-246
In base 8, what is 567 - -2?
571
In base 4, what is -2 - 13?
-21
In base 8, what is -62 + 3?
-57
In base 3, what is 200 - 0?
200
In base 4, what is 10 + -1123?
-1113
In base 6, what is 20 + 30?
50
In base 14, what is -18 - -58b?
573
In base 8, what is -4 - -5507?
5503
In base 10, what is -7 + -365?
-372
In base 11, what is 342 + 1?
343
In base 3, what is 11 + -201?
-120
In base 7, what is -350 + 4?
-343
In base 8, what is -4 + -52?
-56
In base 8, what is -10 - -53?
43
In base 4, what is -10 + 0?
-10
In base 16, what is -2 - 24?
-26
In base 3, what is -2 - -211001?
210222
In base 9, what is -2 - 115?
-117
In base 7, what is 5 + 1535?
1543
In base 2, what is 11111101100100 - 10?
11111101100010
In base 3, what is -2111202 + 0?
-2111202
In base 2, what is 1001110110 + -10100?
1001100010
In base 11, what is -5 - -36?
31
In base 13, what is -3 - -29c?
299
In base 8, what is 127 - -7?
136
In base 15, what is 52 - -58?
aa
In base 13, what is -c68 - -2?
-c66
In base 15, what is -10c + 1?
-10b
In base 12, what is 770 + -2?
76a
In base 15, what is 2 - 1d?
-1b
In base 9, what is 3 + -146?
-143
In base 14, what is 3 + -c1?
-bc
In base 6, what is -1 - -355?
354
In base 6, what is -1215 + 2?
-1213
In base 15, what is 3 + d?
11
In base 2, what is -100 + -1110111?
-1111011
In base 16, what is -5 + -1ce?
-1d3
In base 6, what is -5 - 114?
-123
In base 3, what is -2 + -200211?
-200220
In base 9, what is 17 - 102?
-74
In base 2, what is -111000001 + -1?
-111000010
In base 7, what is 22 + 31?
53
In base 13, what is 3 - 58?
-55
In base 13, what is 625c - 5?
6257
In base 11, what is 0 + -1262?
-1262
In base 15, what is -12bd - -3?
-12ba
In base 6, what is 4 + -5243?
-5235
In base 5, what is -344 - 102?
-1001
In base 13, what is -2 - -4b?
49
In base 3, what is 20121001 + -12?
20120212
In base 3, what is 201 - -201?
1102
In base 10, what is 3 + 807?
810
In base 14, what is 0 - -17?
17
In base 15, what is 1195 + 3?
1198
In base 3, what is 20022122 - 10?
20022112
In base 9, what is -28 + 50?
21
In base 11, what is -2 - 54a?
-551
In base 16, what is 4 + -74f?
-74b
In base 3, what is -2202111 + 10?
-2202101
In base 8, what is -206 - 15?
-223
In base 3, what is -20 + 1220?
1200
In base 6, what is -3005 - -5?
-3000
In base 6, what is 21 + 4?
25
In base 9, what is -3 + 100?
86
In base 5, what is 3 - 2134?
-2131
In base 5, what is 2 - -2213?
2220
In base 10, what is -4 - 0?
-4
In base 14, what is -3 - 8b?
-90
In base 13, what is -3 - 29?
-2c
In base 12, what is 137 - 53?
a4
In base 4, what is -3 - -1130?
1121
In base 15, what is 348 - 2?
346
In base 7, what is 5 - -10?
15
In base 2, what is -11 - -10111100010?
10111011111
In base 10, what is -9 + -1794?
-1803
In base 14, what is dc + 1c?
11a
In base 8, what is -306 - 6?
-314
In base 2, what is 11 + 1010001110?
1010010001
In base 8, what is -505 - 2?
-507
In base 14, what is 0 + 174?
174
In base 16, what is 2c + 6?
32
In base 14, what is 4 - -d?
13
In base 4, what is 1 - 132222?
-132221
In base 4, what is 13 - 30?
-11
In base 12, what is -6 - 1b?
-25
In base 11, what is -3a6a + 2?
-3a68
In base 3, what is -1 + -12102?
-12110
In base 5, what is 3 - 12?
-4
In base 12, what is 4 + 7a?
82
In base 7, what is 21664 + 0?
21664
In base 5, what is -234 - 10?
-244
In base 4, what is -10 + -10201?
-10211
In base 10, what is -4 - -870?
866
In base 10, what is 36 - -9?
45
In base 6, what is 11 - 21?
-10
In base 3, what is -102112 + 22?
-102020
In base 7, what is 4202 + 0?
4202
In base 4, what is 20 - 112?
-32
In base 3, what is -12 + 20012?
20000
In base 3, what is -11211 + 12?
-11122
In base 12, what is -2b1 + 5?
-2a8
In base 8, what is 132 + -30?
102
In base 15, what is -4 - 35?
-39
In base 5, what is 3 - 1132?
-1124
In base 6, what is -1 - -1012?
1011
In base 14, what is c93 - -3?
c96
In base 4, what is 12 - 130?
-112
In base 14, what is -2 - -641?
63d
In base 4, what is -100 + -3?
-103
In base 4, what is 100 - -20220?
20320
In base 10, what is 44 - 5?
39
In base 16, what is 0 + 3?
3
In base 3, what is 2 + -10221211?
-10221202
In base 10, what is 2 - 5267?
-5265
In base 15, what is 6a + 6?
71
In base 10, what is 14 - -5?
19
In base 4, what is 20031 - -10?
20101
In base 7, what is 15 - -501?
516
In base 6, what is 3 + 10225?
10232
In base 14, what is 5d - -b?
6a
In base 11, what is -1827 + 1?
-1826
In base 10, what is -11 - 117?
-128
In base 3, what is -121 + 1121?
1000
In base 11, what is -334 + -52?
-386
In base 3, what is 11 - -202?
220
In base 4, what is -3021 + -120?
-3201
In base 5, what is 200000 - -3?
200003
In base 12, what is 75 - 2?
73
In base 13, what is 24b + -5?
246
In base 6, what is 3 - 155?
-152
In base 3, what is -11 - 1111121?
-1111202
In base 2, what is -111 - -111111000101?
111110111110
In base 13, what is 3 - -1918?
191b
In base 8, what is 141117 + -2?
141115
In base 4, what is 3 - 2330?
-2321
In base 6, what is 42 - 250?
-204
In base 2, what is 101011 - -10?
101101
In base 4, what is 0 + -10202?
-10202
In base 6, what is 224 - 1?
223
In base 5, what is -10 + -242?
-302
In base 14, what is -7 + d5?
cc
In base 3, what is -2112 + -102?
-2221
In base 14, what is -19d + -5?
-1a4
In base 10, what is -2043 + -1?
-2044
In base 12, what is 273 - 1?
272
In base 5, what is 3 + 1040?
1043
In base 13, what is -97 - -35?
-62
In base 2, what is -10 + -101001111?
-101010001
In base 4, what is -1122 + 32?
-1030
In base 6, what is -10010 - -11?
-5555
In base 13, what is 1b - 9?
12
In base 3, what is 1100011 - 1?
1100010
In base 4, what is -3 - 100?
-103
In base 10, what is 11 + 15?
26
In base 9, what is -5 - 180?
-185
In base 9, what is 10 - -16?
26
In base 10, what is 9 - -7?
16
In base 12, what is 170 + 17?
187
In base 6, what is -2 + 210?
204
In base 5, what is 2 + -40?
-33
In base 5, what is -4 + -3022?
-3031
In base 3, what is -210 + 0?
-210
In base 13, what is 2 + -59c?
-59a
In base 8, what is 33 + -11?
22
In base 12, what is -32 - -3?
-2b
In base 9, what is 7 + -11?
-3
In base 13, what is -3 + -119?
-11c
In base 13